{"id":374,"date":"2023-07-21T14:48:26","date_gmt":"2023-07-21T14:48:26","guid":{"rendered":"https:\/\/dianasantosdesousapsi.com\/?page_id=374"},"modified":"2025-03-01T02:15:51","modified_gmt":"2025-03-01T02:15:51","slug":"servicos","status":"publish","type":"page","link":"https:\/\/dianasantosdesousapsi.com\/index.php\/servicos\/","title":{"rendered":"Servi\u00e7os"},"content":{"rendered":"\t\t<div data-elementor-type=\"wp-page\" data-elementor-id=\"374\" class=\"elementor elementor-374\">\n\t\t\t\t\t\t<section class=\"elementor-section elementor-top-section elementor-element elementor-element-cd97f8b elementor-section-boxed elementor-section-height-default elementor-section-height-default\" data-id=\"cd97f8b\" data-element_type=\"section\" data-e-type=\"section\">\n\t\t\t\t\t\t<div class=\"elementor-container elementor-column-gap-default\">\n\t\t\t\t\t<div class=\"elementor-column elementor-col-100 elementor-top-column elementor-element elementor-element-d598082\" data-id=\"d598082\" data-element_type=\"column\" data-e-type=\"column\">\n\t\t\t<div class=\"elementor-widget-wrap elementor-element-populated\">\n\t\t\t\t\t\t<div class=\"elementor-element elementor-element-9ff966c elementor-widget elementor-widget-image-gallery\" data-id=\"9ff966c\" data-element_type=\"widget\" data-e-type=\"widget\" data-widget_type=\"image-gallery.default\">\n\t\t\t\t\t\t\t<div class=\"elementor-image-gallery\">\n\t\t\t<div id='gallery-1' class='gallery galleryid-374 gallery-columns-2 gallery-size-medium_large'><figure class='gallery-item'>\n\t\t\t<div class='gallery-icon landscape'>\n\t\t\t\t<a data-elementor-open-lightbox=\"yes\" data-elementor-lightbox-slideshow=\"9ff966c\" data-elementor-lightbox-title=\"Instagram post quem sou eu preto e nudell\" data-e-action-hash=\"#elementor-action%3Aaction%3Dlightbox%26settings%3DeyJpZCI6ODE0LCJ1cmwiOiJodHRwczpcL1wvZGlhbmFzYW50b3NkZXNvdXNhcHNpLmNvbVwvd3AtY29udGVudFwvdXBsb2Fkc1wvMjAyM1wvMDdcL0luc3RhZ3JhbS1wb3N0LXF1ZW0tc291LWV1LXByZXRvLWUtbnVkZWxsLnBuZyIsInNsaWRlc2hvdyI6IjlmZjk2NmMifQ%3D%3D\" href='https:\/\/dianasantosdesousapsi.com\/wp-content\/uploads\/2023\/07\/Instagram-post-quem-sou-eu-preto-e-nudell.png'><img fetchpriority=\"high\" decoding=\"async\" width=\"768\" height=\"768\" src=\"https:\/\/dianasantosdesousapsi.com\/wp-content\/uploads\/2023\/07\/Instagram-post-quem-sou-eu-preto-e-nudell-768x768.png\" class=\"attachment-medium_large size-medium_large\" alt=\"\" srcset=\"https:\/\/dianasantosdesousapsi.com\/wp-content\/uploads\/2023\/07\/Instagram-post-quem-sou-eu-preto-e-nudell-768x768.png 768w, https:\/\/dianasantosdesousapsi.com\/wp-content\/uploads\/2023\/07\/Instagram-post-quem-sou-eu-preto-e-nudell-300x300.png 300w, https:\/\/dianasantosdesousapsi.com\/wp-content\/uploads\/2023\/07\/Instagram-post-quem-sou-eu-preto-e-nudell-1024x1024.png 1024w, https:\/\/dianasantosdesousapsi.com\/wp-content\/uploads\/2023\/07\/Instagram-post-quem-sou-eu-preto-e-nudell-150x150.png 150w, https:\/\/dianasantosdesousapsi.com\/wp-content\/uploads\/2023\/07\/Instagram-post-quem-sou-eu-preto-e-nudell.png 1080w\" sizes=\"(max-width: 768px) 100vw, 768px\" \/><\/a>\n\t\t\t<\/div><\/figure><figure class='gallery-item'>\n\t\t\t<div class='gallery-icon landscape'>\n\t\t\t\t<a data-elementor-open-lightbox=\"yes\" data-elementor-lightbox-slideshow=\"9ff966c\" data-elementor-lightbox-title=\"Instagram post quem sou eu preto e nudehj\" data-e-action-hash=\"#elementor-action%3Aaction%3Dlightbox%26settings%3DeyJpZCI6ODEzLCJ1cmwiOiJodHRwczpcL1wvZGlhbmFzYW50b3NkZXNvdXNhcHNpLmNvbVwvd3AtY29udGVudFwvdXBsb2Fkc1wvMjAyM1wvMDdcL0luc3RhZ3JhbS1wb3N0LXF1ZW0tc291LWV1LXByZXRvLWUtbnVkZWhqLnBuZyIsInNsaWRlc2hvdyI6IjlmZjk2NmMifQ%3D%3D\" href='https:\/\/dianasantosdesousapsi.com\/wp-content\/uploads\/2023\/07\/Instagram-post-quem-sou-eu-preto-e-nudehj.png'><img decoding=\"async\" width=\"768\" height=\"768\" src=\"https:\/\/dianasantosdesousapsi.com\/wp-content\/uploads\/2023\/07\/Instagram-post-quem-sou-eu-preto-e-nudehj-768x768.png\" class=\"attachment-medium_large size-medium_large\" alt=\"\" srcset=\"https:\/\/dianasantosdesousapsi.com\/wp-content\/uploads\/2023\/07\/Instagram-post-quem-sou-eu-preto-e-nudehj-768x768.png 768w, https:\/\/dianasantosdesousapsi.com\/wp-content\/uploads\/2023\/07\/Instagram-post-quem-sou-eu-preto-e-nudehj-300x300.png 300w, https:\/\/dianasantosdesousapsi.com\/wp-content\/uploads\/2023\/07\/Instagram-post-quem-sou-eu-preto-e-nudehj-1024x1024.png 1024w, https:\/\/dianasantosdesousapsi.com\/wp-content\/uploads\/2023\/07\/Instagram-post-quem-sou-eu-preto-e-nudehj-150x150.png 150w, https:\/\/dianasantosdesousapsi.com\/wp-content\/uploads\/2023\/07\/Instagram-post-quem-sou-eu-preto-e-nudehj.png 1080w\" sizes=\"(max-width: 768px) 100vw, 768px\" \/><\/a>\n\t\t\t<\/div><\/figure><figure class='gallery-item'>\n\t\t\t<div class='gallery-icon landscape'>\n\t\t\t\t<a data-elementor-open-lightbox=\"yes\" data-elementor-lightbox-slideshow=\"9ff966c\" data-elementor-lightbox-title=\"Instagram post quem sou eu preto e nudedff\" data-e-action-hash=\"#elementor-action%3Aaction%3Dlightbox%26settings%3DeyJpZCI6ODExLCJ1cmwiOiJodHRwczpcL1wvZGlhbmFzYW50b3NkZXNvdXNhcHNpLmNvbVwvd3AtY29udGVudFwvdXBsb2Fkc1wvMjAyM1wvMDdcL0luc3RhZ3JhbS1wb3N0LXF1ZW0tc291LWV1LXByZXRvLWUtbnVkZWRmZi5wbmciLCJzbGlkZXNob3ciOiI5ZmY5NjZjIn0%3D\" href='https:\/\/dianasantosdesousapsi.com\/wp-content\/uploads\/2023\/07\/Instagram-post-quem-sou-eu-preto-e-nudedff.png'><img decoding=\"async\" width=\"768\" height=\"768\" src=\"https:\/\/dianasantosdesousapsi.com\/wp-content\/uploads\/2023\/07\/Instagram-post-quem-sou-eu-preto-e-nudedff-768x768.png\" class=\"attachment-medium_large size-medium_large\" alt=\"\" srcset=\"https:\/\/dianasantosdesousapsi.com\/wp-content\/uploads\/2023\/07\/Instagram-post-quem-sou-eu-preto-e-nudedff-768x768.png 768w, https:\/\/dianasantosdesousapsi.com\/wp-content\/uploads\/2023\/07\/Instagram-post-quem-sou-eu-preto-e-nudedff-300x300.png 300w, https:\/\/dianasantosdesousapsi.com\/wp-content\/uploads\/2023\/07\/Instagram-post-quem-sou-eu-preto-e-nudedff-1024x1024.png 1024w, https:\/\/dianasantosdesousapsi.com\/wp-content\/uploads\/2023\/07\/Instagram-post-quem-sou-eu-preto-e-nudedff-150x150.png 150w, https:\/\/dianasantosdesousapsi.com\/wp-content\/uploads\/2023\/07\/Instagram-post-quem-sou-eu-preto-e-nudedff.png 1080w\" sizes=\"(max-width: 768px) 100vw, 768px\" \/><\/a>\n\t\t\t<\/div><\/figure><figure class='gallery-item'>\n\t\t\t<div class='gallery-icon landscape'>\n\t\t\t\t<a data-elementor-open-lightbox=\"yes\" data-elementor-lightbox-slideshow=\"9ff966c\" data-elementor-lightbox-title=\"Instagram post quem sou eu preto e nudefgh\" data-e-action-hash=\"#elementor-action%3Aaction%3Dlightbox%26settings%3DeyJpZCI6ODEyLCJ1cmwiOiJodHRwczpcL1wvZGlhbmFzYW50b3NkZXNvdXNhcHNpLmNvbVwvd3AtY29udGVudFwvdXBsb2Fkc1wvMjAyM1wvMDdcL0luc3RhZ3JhbS1wb3N0LXF1ZW0tc291LWV1LXByZXRvLWUtbnVkZWZnaC5wbmciLCJzbGlkZXNob3ciOiI5ZmY5NjZjIn0%3D\" href='https:\/\/dianasantosdesousapsi.com\/wp-content\/uploads\/2023\/07\/Instagram-post-quem-sou-eu-preto-e-nudefgh.png'><img loading=\"lazy\" decoding=\"async\" width=\"768\" height=\"768\" src=\"https:\/\/dianasantosdesousapsi.com\/wp-content\/uploads\/2023\/07\/Instagram-post-quem-sou-eu-preto-e-nudefgh-768x768.png\" class=\"attachment-medium_large size-medium_large\" alt=\"\" srcset=\"https:\/\/dianasantosdesousapsi.com\/wp-content\/uploads\/2023\/07\/Instagram-post-quem-sou-eu-preto-e-nudefgh-768x768.png 768w, https:\/\/dianasantosdesousapsi.com\/wp-content\/uploads\/2023\/07\/Instagram-post-quem-sou-eu-preto-e-nudefgh-300x300.png 300w, https:\/\/dianasantosdesousapsi.com\/wp-content\/uploads\/2023\/07\/Instagram-post-quem-sou-eu-preto-e-nudefgh-1024x1024.png 1024w, https:\/\/dianasantosdesousapsi.com\/wp-content\/uploads\/2023\/07\/Instagram-post-quem-sou-eu-preto-e-nudefgh-150x150.png 150w, https:\/\/dianasantosdesousapsi.com\/wp-content\/uploads\/2023\/07\/Instagram-post-quem-sou-eu-preto-e-nudefgh.png 1080w\" sizes=\"(max-width: 768px) 100vw, 768px\" \/><\/a>\n\t\t\t<\/div><\/figure>\n\t\t<\/div>\n\t\t<\/div>\n\t\t\t\t\t\t<\/div>\n\t\t\t\t<div class=\"elementor-element elementor-element-1b2c04e elementor-widget elementor-widget-text-editor\" data-id=\"1b2c04e\" data-element_type=\"widget\" data-e-type=\"widget\" data-widget_type=\"text-editor.default\">\n\t\t\t\t\t\t\t\t\tParticipe regularmente em atividades de caridade, ajude os outros e retribua \u00e0 sociedade.\t\t\t\t\t\t\t\t<\/div>\n\t\t\t\t\t<\/div>\n\t\t<\/div>\n\t\t\t\t\t<\/div>\n\t\t<\/section>\n\t\t\t\t<\/div>\n\t\t","protected":false},"excerpt":{"rendered":"<p>Participe regularmente em atividades de caridade, ajude os outros e retribua \u00e0 sociedade.<\/p>\n","protected":false},"author":1,"featured_media":0,"parent":0,"menu_order":0,"comment_status":"closed","ping_status":"closed","template":"","meta":{"footnotes":""},"class_list":["post-374","page","type-page","status-publish","hentry"],"yoast_head":"<!-- This site is optimized with the Yoast SEO plugin v27.5 - https:\/\/yoast.com\/product\/yoast-seo-wordpress\/ -->\n<title>Servi\u00e7os - Diana Santos de Sousa - Psic\u00f3loga<\/title>\n<meta name=\"robots\" content=\"index, follow, max-snippet:-1, max-image-preview:large, max-video-preview:-1\" \/>\n<link rel=\"canonical\" href=\"https:\/\/dianasantosdesousapsi.com\/index.php\/servicos\/\" \/>\n<meta property=\"og:locale\" content=\"pt_PT\" \/>\n<meta property=\"og:type\" content=\"article\" \/>\n<meta property=\"og:title\" content=\"Servi\u00e7os - Diana Santos de Sousa - Psic\u00f3loga\" \/>\n<meta property=\"og:description\" content=\"Participe regularmente em atividades de caridade, ajude os outros e retribua \u00e0 sociedade.\" \/>\n<meta property=\"og:url\" content=\"https:\/\/dianasantosdesousapsi.com\/index.php\/servicos\/\" \/>\n<meta property=\"og:site_name\" content=\"Diana Santos de Sousa - Psic\u00f3loga\" \/>\n<meta property=\"article:modified_time\" content=\"2025-03-01T02:15:51+00:00\" \/>\n<meta property=\"og:image\" content=\"https:\/\/dianasantosdesousapsi.com\/wp-content\/uploads\/2023\/07\/Instagram-post-quem-sou-eu-preto-e-nudell-768x768.png\" \/>\n<meta name=\"twitter:card\" content=\"summary_large_image\" \/>\n<meta name=\"twitter:label1\" content=\"Tempo estimado de leitura\" \/>\n\t<meta name=\"twitter:data1\" content=\"1 minuto\" \/>\n<script type=\"application\/ld+json\" class=\"yoast-schema-graph\">{\"@context\":\"https:\\\/\\\/schema.org\",\"@graph\":[{\"@type\":\"WebPage\",\"@id\":\"https:\\\/\\\/dianasantosdesousapsi.com\\\/index.php\\\/servicos\\\/\",\"url\":\"https:\\\/\\\/dianasantosdesousapsi.com\\\/index.php\\\/servicos\\\/\",\"name\":\"Servi\u00e7os - Diana Santos de Sousa - Psic\u00f3loga\",\"isPartOf\":{\"@id\":\"https:\\\/\\\/dianasantosdesousapsi.com\\\/#website\"},\"primaryImageOfPage\":{\"@id\":\"https:\\\/\\\/dianasantosdesousapsi.com\\\/index.php\\\/servicos\\\/#primaryimage\"},\"image\":{\"@id\":\"https:\\\/\\\/dianasantosdesousapsi.com\\\/index.php\\\/servicos\\\/#primaryimage\"},\"thumbnailUrl\":\"https:\\\/\\\/dianasantosdesousapsi.com\\\/wp-content\\\/uploads\\\/2023\\\/07\\\/Instagram-post-quem-sou-eu-preto-e-nudell-768x768.png\",\"datePublished\":\"2023-07-21T14:48:26+00:00\",\"dateModified\":\"2025-03-01T02:15:51+00:00\",\"breadcrumb\":{\"@id\":\"https:\\\/\\\/dianasantosdesousapsi.com\\\/index.php\\\/servicos\\\/#breadcrumb\"},\"inLanguage\":\"pt-PT\",\"potentialAction\":[{\"@type\":\"ReadAction\",\"target\":[\"https:\\\/\\\/dianasantosdesousapsi.com\\\/index.php\\\/servicos\\\/\"]}]},{\"@type\":\"ImageObject\",\"inLanguage\":\"pt-PT\",\"@id\":\"https:\\\/\\\/dianasantosdesousapsi.com\\\/index.php\\\/servicos\\\/#primaryimage\",\"url\":\"https:\\\/\\\/dianasantosdesousapsi.com\\\/wp-content\\\/uploads\\\/2023\\\/07\\\/Instagram-post-quem-sou-eu-preto-e-nudell.png\",\"contentUrl\":\"https:\\\/\\\/dianasantosdesousapsi.com\\\/wp-content\\\/uploads\\\/2023\\\/07\\\/Instagram-post-quem-sou-eu-preto-e-nudell.png\",\"width\":1080,\"height\":1080},{\"@type\":\"BreadcrumbList\",\"@id\":\"https:\\\/\\\/dianasantosdesousapsi.com\\\/index.php\\\/servicos\\\/#breadcrumb\",\"itemListElement\":[{\"@type\":\"ListItem\",\"position\":1,\"name\":\"In\u00edcio\",\"item\":\"https:\\\/\\\/dianasantosdesousapsi.com\\\/\"},{\"@type\":\"ListItem\",\"position\":2,\"name\":\"Servi\u00e7os\"}]},{\"@type\":\"WebSite\",\"@id\":\"https:\\\/\\\/dianasantosdesousapsi.com\\\/#website\",\"url\":\"https:\\\/\\\/dianasantosdesousapsi.com\\\/\",\"name\":\"Diana Santos de Sousa - Psicologa\",\"description\":\"\",\"publisher\":{\"@id\":\"https:\\\/\\\/dianasantosdesousapsi.com\\\/#\\\/schema\\\/person\\\/611040692ad12df33d0b32fc10ffd75a\"},\"potentialAction\":[{\"@type\":\"SearchAction\",\"target\":{\"@type\":\"EntryPoint\",\"urlTemplate\":\"https:\\\/\\\/dianasantosdesousapsi.com\\\/?s={search_term_string}\"},\"query-input\":{\"@type\":\"PropertyValueSpecification\",\"valueRequired\":true,\"valueName\":\"search_term_string\"}}],\"inLanguage\":\"pt-PT\"},{\"@type\":[\"Person\",\"Organization\"],\"@id\":\"https:\\\/\\\/dianasantosdesousapsi.com\\\/#\\\/schema\\\/person\\\/611040692ad12df33d0b32fc10ffd75a\",\"name\":\"dianasantosdesousapsi.com\",\"image\":{\"@type\":\"ImageObject\",\"inLanguage\":\"pt-PT\",\"@id\":\"https:\\\/\\\/dianasantosdesousapsi.com\\\/wp-content\\\/uploads\\\/2023\\\/07\\\/simbolo-removebg-preview-removebg-preview.png\",\"url\":\"https:\\\/\\\/dianasantosdesousapsi.com\\\/wp-content\\\/uploads\\\/2023\\\/07\\\/simbolo-removebg-preview-removebg-preview.png\",\"contentUrl\":\"https:\\\/\\\/dianasantosdesousapsi.com\\\/wp-content\\\/uploads\\\/2023\\\/07\\\/simbolo-removebg-preview-removebg-preview.png\",\"width\":424,\"height\":393,\"caption\":\"dianasantosdesousapsi.com\"},\"logo\":{\"@id\":\"https:\\\/\\\/dianasantosdesousapsi.com\\\/wp-content\\\/uploads\\\/2023\\\/07\\\/simbolo-removebg-preview-removebg-preview.png\"},\"sameAs\":[\"https:\\\/\\\/dianasantosdesousapsi.com\"]}]}<\/script>\n<!-- \/ Yoast SEO plugin. -->","yoast_head_json":{"title":"Servi\u00e7os - Diana Santos de Sousa - Psic\u00f3loga","robots":{"index":"index","follow":"follow","max-snippet":"max-snippet:-1","max-image-preview":"max-image-preview:large","max-video-preview":"max-video-preview:-1"},"canonical":"https:\/\/dianasantosdesousapsi.com\/index.php\/servicos\/","og_locale":"pt_PT","og_type":"article","og_title":"Servi\u00e7os - Diana Santos de Sousa - Psic\u00f3loga","og_description":"Participe regularmente em atividades de caridade, ajude os outros e retribua \u00e0 sociedade.","og_url":"https:\/\/dianasantosdesousapsi.com\/index.php\/servicos\/","og_site_name":"Diana Santos de Sousa - Psic\u00f3loga","article_modified_time":"2025-03-01T02:15:51+00:00","og_image":[{"url":"https:\/\/dianasantosdesousapsi.com\/wp-content\/uploads\/2023\/07\/Instagram-post-quem-sou-eu-preto-e-nudell-768x768.png","type":"","width":"","height":""}],"twitter_card":"summary_large_image","twitter_misc":{"Tempo estimado de leitura":"1 minuto"},"schema":{"@context":"https:\/\/schema.org","@graph":[{"@type":"WebPage","@id":"https:\/\/dianasantosdesousapsi.com\/index.php\/servicos\/","url":"https:\/\/dianasantosdesousapsi.com\/index.php\/servicos\/","name":"Servi\u00e7os - Diana Santos de Sousa - Psic\u00f3loga","isPartOf":{"@id":"https:\/\/dianasantosdesousapsi.com\/#website"},"primaryImageOfPage":{"@id":"https:\/\/dianasantosdesousapsi.com\/index.php\/servicos\/#primaryimage"},"image":{"@id":"https:\/\/dianasantosdesousapsi.com\/index.php\/servicos\/#primaryimage"},"thumbnailUrl":"https:\/\/dianasantosdesousapsi.com\/wp-content\/uploads\/2023\/07\/Instagram-post-quem-sou-eu-preto-e-nudell-768x768.png","datePublished":"2023-07-21T14:48:26+00:00","dateModified":"2025-03-01T02:15:51+00:00","breadcrumb":{"@id":"https:\/\/dianasantosdesousapsi.com\/index.php\/servicos\/#breadcrumb"},"inLanguage":"pt-PT","potentialAction":[{"@type":"ReadAction","target":["https:\/\/dianasantosdesousapsi.com\/index.php\/servicos\/"]}]},{"@type":"ImageObject","inLanguage":"pt-PT","@id":"https:\/\/dianasantosdesousapsi.com\/index.php\/servicos\/#primaryimage","url":"https:\/\/dianasantosdesousapsi.com\/wp-content\/uploads\/2023\/07\/Instagram-post-quem-sou-eu-preto-e-nudell.png","contentUrl":"https:\/\/dianasantosdesousapsi.com\/wp-content\/uploads\/2023\/07\/Instagram-post-quem-sou-eu-preto-e-nudell.png","width":1080,"height":1080},{"@type":"BreadcrumbList","@id":"https:\/\/dianasantosdesousapsi.com\/index.php\/servicos\/#breadcrumb","itemListElement":[{"@type":"ListItem","position":1,"name":"In\u00edcio","item":"https:\/\/dianasantosdesousapsi.com\/"},{"@type":"ListItem","position":2,"name":"Servi\u00e7os"}]},{"@type":"WebSite","@id":"https:\/\/dianasantosdesousapsi.com\/#website","url":"https:\/\/dianasantosdesousapsi.com\/","name":"Diana Santos de Sousa - Psicologa","description":"","publisher":{"@id":"https:\/\/dianasantosdesousapsi.com\/#\/schema\/person\/611040692ad12df33d0b32fc10ffd75a"},"potentialAction":[{"@type":"SearchAction","target":{"@type":"EntryPoint","urlTemplate":"https:\/\/dianasantosdesousapsi.com\/?s={search_term_string}"},"query-input":{"@type":"PropertyValueSpecification","valueRequired":true,"valueName":"search_term_string"}}],"inLanguage":"pt-PT"},{"@type":["Person","Organization"],"@id":"https:\/\/dianasantosdesousapsi.com\/#\/schema\/person\/611040692ad12df33d0b32fc10ffd75a","name":"dianasantosdesousapsi.com","image":{"@type":"ImageObject","inLanguage":"pt-PT","@id":"https:\/\/dianasantosdesousapsi.com\/wp-content\/uploads\/2023\/07\/simbolo-removebg-preview-removebg-preview.png","url":"https:\/\/dianasantosdesousapsi.com\/wp-content\/uploads\/2023\/07\/simbolo-removebg-preview-removebg-preview.png","contentUrl":"https:\/\/dianasantosdesousapsi.com\/wp-content\/uploads\/2023\/07\/simbolo-removebg-preview-removebg-preview.png","width":424,"height":393,"caption":"dianasantosdesousapsi.com"},"logo":{"@id":"https:\/\/dianasantosdesousapsi.com\/wp-content\/uploads\/2023\/07\/simbolo-removebg-preview-removebg-preview.png"},"sameAs":["https:\/\/dianasantosdesousapsi.com"]}]}},"_links":{"self":[{"href":"https:\/\/dianasantosdesousapsi.com\/index.php\/wp-json\/wp\/v2\/pages\/374","targetHints":{"allow":["GET"]}}],"collection":[{"href":"https:\/\/dianasantosdesousapsi.com\/index.php\/wp-json\/wp\/v2\/pages"}],"about":[{"href":"https:\/\/dianasantosdesousapsi.com\/index.php\/wp-json\/wp\/v2\/types\/page"}],"author":[{"embeddable":true,"href":"https:\/\/dianasantosdesousapsi.com\/index.php\/wp-json\/wp\/v2\/users\/1"}],"replies":[{"embeddable":true,"href":"https:\/\/dianasantosdesousapsi.com\/index.php\/wp-json\/wp\/v2\/comments?post=374"}],"version-history":[{"count":46,"href":"https:\/\/dianasantosdesousapsi.com\/index.php\/wp-json\/wp\/v2\/pages\/374\/revisions"}],"predecessor-version":[{"id":912,"href":"https:\/\/dianasantosdesousapsi.com\/index.php\/wp-json\/wp\/v2\/pages\/374\/revisions\/912"}],"wp:attachment":[{"href":"https:\/\/dianasantosdesousapsi.com\/index.php\/wp-json\/wp\/v2\/media?parent=374"}],"curies":[{"name":"wp","href":"https:\/\/api.w.org\/{rel}","templated":true}]}}